
False
Suppose 3*f = 5*j + 8*f + 760, 5*f = 5*j + 800. Let o = j + 271. Is o a prime number?
False
Suppose -30 = 5*d - 40. Suppose -2*t - 4693 = -5*t + 5*k, -d*k - 1565 = -t. Is t a composite number?
True
Let u(b) = 2*b**2 - 5*b + 5. Let d(c) = -10*c**2 + 25*c - 26. Let l(t) = 2*d(t) + 11*u(t). Let x = 59 - 55. Is l(x) a prime number?
False
Let o = 19 + -17. Suppose 15 = 3*l, 3*v = -o*v - 3*l + 7810. Is v prime?
True
Let v(i) = 7*i**2 + 5*i + 7. Let o(c) = -c**2 + c. Let f(g) = 5*o(g) + v(g). Is f(10) prime?
True
Suppose 4*p - 5*p = -3. Suppose 5*y - 6 - 12 = -2*w, p*y - 10 = -w. Suppose y*o = 2 + 6. Is o a composite number?
True
Let m = 27 + -22. Suppose m*h + 2*r + 758 - 3461 = 0, -2*r - 2 = 0. Is h a prime number?
True
Let v(t) = -2*t + 7. Let l be v(4). Is l*(-3)/1 - -122*8 a composite number?
True
Let l = -2527 + 3596. Is l prime?
True
Is (-1)/(10/(-191260))*(-2)/(-4) prime?
False
Let x(r) = -5*r + 7 - 2 + 175*r**2 - 102*r**2. Is x(3) prime?
True
Let j be (5 + -2 + 3)*(373 + -6). Suppose -1741 = -w + j. Is w composite?
False
Suppose 19*c = 20491 + 5368. Is c a composite number?
False
Let f = -513 - -225. Let i = f + 669. Is i composite?
True
Let k = -8 - -1. Let t be k/(-21) - 1126/(-6). Suppose -2*h = -4*h + t. Is h a composite number?
True
Suppose 2*m = -m + 3267. Let l = m - 416. Is l a composite number?
False
Let s(y) = 10*y**3 + 8*y**2 + 5*y + 8. Suppose 5*v - v = -4*h - 16, -4*v + 3*h - 30 = 0. Let j be s(v). Is (-10)/(-50) + j/(-5) a composite number?
False
Let m(z) = -12*z**2 - 32*z + 15. Let g(n) = -1. Let w(q) = -4*g(q) - m(q). Is w(14) composite?
False
Let g = 31 - 20. Suppose 4*q + 3*n = 2528, g*n - 7*n - 1889 = -3*q. Is q a prime number?
False
Suppose 2*v = -2*v + 5*m + 363, -3*v + 2*m + 267 = 0. Is v a prime number?
False
Let r(n) = -3*n - 3. Let f(h) = -9*h - 10. Let z(d) = 2*f(d) - 7*r(d). Let k be z(1). Suppose 18 = k*o - 114. Is o a prime number?
False
Let k = -15 + 19. Let r(i) = -i**3 + 5*i**2 - 3*i - 1. Let w be r(k). Suppose w*b + 94 - 988 = 0. Is b a prime number?
False
Suppose -5*i - w + 6*w = -8140, 2*i - w - 3257 = 0. Let b = i - 268. Is b a composite number?
False
Suppose -2*x - 62*h = -58*h - 5210, -2*x + 5220 = -h. Is x a prime number?
True
Let t(y) = -2*y + 1. Let u be t(-2). Suppose -3*i + 698 = u*d - 0*i, 0 = 2*d + i - 279. Is d a prime number?
True
Suppose -v + 4*m = v - 20, 2*m = -v - 6. Suppose -354 = -v*s - 0*s. Is s prime?
False
Let i = -1563 - -3896. Is i a composite number?
False
Let w = -10 - -10. Suppose w*m + 2*m = 0. Suppose 3*r - 380 = s, r + 2*s - 109 - 20 = m. Is r prime?
True
Suppose -1619*c = -1624*c + 140095. Is c composite?
False
Let x = 26 + -26. Suppose 4*v - 647 - 1229 = x. Suppose 0 = q - 4*c - v, -2*q - c = 2*q - 1927. Is q composite?
True
Suppose -4*h + 9336 = -5*g - 19771, -4*g + 36435 = 5*h. Is h a prime number?
True
Suppose -29325 - 9448 = -7*g. Is g a composite number?
True
Suppose 7*q + q - 8 = 0. Is 1158 - q*(-5 + 0) composite?
False
Let q = 140 + -99. Suppose 3*m + q = -4*w + 1339, 4 = 2*m. Is w a prime number?
False
Let o(m) = -m**3 + 4*m**2 + 6*m - 1. Let u be o(5). Let p be 1/(u/(-2064)*-2). Let v = 469 - p. Is v prime?
True
Suppose 4*j - 2*c - 4628 - 5894 = 0, -c + 1 = 0. Is j prime?
False
Suppose -5*m - 11 + 6 = 0, -3*m + 19168 = z. Is z composite?
True
Let k(n) be the third derivative of n**6/120 - 3*n**5/20 + 7*n**4/24 - 2*n**3/3 - 2*n**2. Let i = -26 + 39. Is k(i) a composite number?
True
Let x(c) = 13*c**2 - c + 1. Let s be x(1). Suppose -s = h - 11. Is 71 - 2 - h/1 composite?
False
Let a(b) = 5*b**2 - 27*b - 32. Let h(j) = 2*j**2 - 9*j - 11. Let d(f) = -3*a(f) + 8*h(f). Let m be d(-8). Suppose m = 4*v - v - 1923. Is v composite?
False
Suppose 10*h - 5*g = 7*h + 9332, 3107 = h + 2*g. Is h composite?
False
Let k(l) = -l + 11. Let d be k(7). Suppose d*f - 10 = -f. Suppose -q + 5*p = -140, -f*p - 15 = p. Is q a composite number?
True
Let z(n) be the third derivative of -13*n**6/120 - n**4/24 - n**3/6 - 7*n**2. Is z(-3) a composite number?
False
Let v(l) = 3643*l + 4. Is v(1) prime?
False
Let w(m) be the second derivative of m**5/20 - m**4/6 - m**3/6 - 3*m**2 + 6*m. Let k be w(7). Suppose -2*g + k = 2*g. Is g a prime number?
False
Suppose 3*z = z + 26. Suppose 1 - z = 4*v. Is 1720/30 + (-2)/v composite?
True
Suppose -4*m = 2*n + 3*n - 1568, 0 = -3*n - 12. Is m a prime number?
True
Let s(m) = -m**3 + 47*m**2 - 37*m + 188. Is s(31) a composite number?
True
Suppose 10 = 2*s, -4*r - 17 = -4*s + 15. Let o(p) = 137*p**2 - 4. Is o(r) composite?
False
Let g be (-38)/(-8) + (-5)/(-20). Suppose g*d + 69 - 859 = 0. Suppose 0 = z + 9 - d. Is z composite?
False
Let i(o) = -34*o**3 + 16*o**2 + 96*o - 3. Is i(-7) a prime number?
False
Is 2*-1 - 51756/(-19) composite?
True
Let d be 2*((33/(-2))/(-3))/1. Suppose 5071 = 3*q - 2*g, 3*q - 6*g + d*g = 5099. Is q prime?
True
Let d = 102 + -174. Let c = -203 + 168. Let a = c - d. Is a a prime number?
True
Let n(r) = -157*r + 4. Let d be n(-1). Suppose -4874 = -5*l + d. Is l prime?
False
Suppose -k + l - 4*l = -3787, -5*k + 19011 = -4*l. Is k prime?
False
Let z be 356/2 - (-9 + 6). Suppose -163 - z = -2*h. Suppose -4*k - c + h = 0, -k + 86 = k + c. Is k prime?
True
Let g be (-1)/(-1 - 8/(-12)). Suppose s + m - 3 = 4, 0 = -g*s - 2*m + 18. Suppose -i = s*z - 2*z - 97, -2*i + 176 = -2*z. Is i prime?
False
Let t = -8 - -12. Suppose -t*y = -2*y - 30. Is 178/(-3)*y/(-10) composite?
False
Let o(s) be the second derivative of s**5/20 + s**4 - 5*s**3/6 + 13*s**2/2 + 5*s - 4. Is o(-10) a composite number?
False
Is 3/(-5) + (-734697)/(-45) + 7 a composite number?
False
Let d(l) = -8*l**3 - 7*l**2 + l - 1. Let v(w) = -4*w**3 - 3*w**2. Suppose -2*n - 21 = n. Let f(h) = n*v(h) + 3*d(h). Is f(2) a prime number?
False
Suppose 6*u - u = -30. Let x = -3 + u. Let t(y) = 5*y**2 + 4. Is t(x) composite?
False
Let x(h) = 331*h + 24. Is x(5) a prime number?
False
Let c(s) = -s**2 - 3*s. Suppose -3*a - 3 = 4*d + 8, 3*a + 13 = -5*d. Let l be c(d). Suppose 3*v - 88 = -b, -7*v - 420 = -5*b - l*v. Is b a prime number?
False
Suppose 4*p - 19347 - 37477 = 0. Is p a prime number?
False
Suppose 4*f - 5*f + 388 = -2*z, -f - 3*z + 413 = 0. Let l = f - 243. Is l a composite number?
True
Let i(w) = 1288*w + 92. Let j(l) = 644*l + 47. Let s(a) = 3*i(a) - 7*j(a). Is s(-8) composite?
False
Suppose 5*t - 2*a = 58, 30 = t - a - 4*a. Suppose 2*v - t = 42. Is v a composite number?
True
Let v = 90 + -86. Suppose -11*s + v*s = -889. Is s a prime number?
True
Let m(v) = -248*v - 3. Let n(k) = -62*k - 1. Let t(y) = 2*m(y) - 9*n(y). Let j be t(2). Suppose 0 = d + 44 - j. Is d composite?
False
Let h(n) = -n**3 - 5*n**2 + 11*n + 6. Let s be h(-10). Let l = -136 + s. Suppose 104 = 4*u - l. Is u a composite number?
True
Let s(y) = y**2 - 5*y + 3. Suppose -3*h = 4*o - 24, -3*h = 2*o - 4*o - 6. Let z be s(o). Is (z/3)/(3/(-12)) a prime number?
False
Suppose 2*c = 4*l - 36, -3*c + 0*c - 2*l = 22. Suppose 2*v = -2 - 12. Let r = v - c. Is r prime?
True
Is 75/30*-1 - 10803/(-2) a prime number?
True
Let d be -225*(7344/(-20))/2. Is d/14 + 5 + 66/(-14) a composite number?
True
Suppose 14*l = -4*l + 57600. Is l/1 + (5 - (-10)/(-5)) a prime number?
True
Suppose -32*m = -189334 - 742410. Is m composite?
True
Suppose 5*l + 1481 + 1231 = j, 3*j - l - 8122 = 0. Is j a prime number?
True
Suppose 3*u - 21 = -2*r - 6, 4*u = 3*r + 3. Suppose 7*y - 4 = u. Is (-2)/y + 707 - -4 a composite number?
False
Suppose 6*b = b + 1160. Let v(g) = -g**3 + 2*g**2 - 9*g - 6. Let m be v(-4). Let p = b - m. Is p composite?
True
Let z(d) = -46*d + 113. Is z(-18) prime?
True
Let n = -3 + 8. Let f be (46/(-69))/((-6)/45). Suppose f*i + d = 6*d + 940, 0 = n*i - 3*d - 938. Is i a composite number?
True
Let w = -30 + 42. Is 3969/w + (-5)/(-20) composite?
False
Suppose 4*s + 3*h = 30227, -15126 = -2*s + 3*h + 1. Is s composite?
False
Let q be 0/(3 + -2) - 12. Let l be -9*(8/q - -2). Let c(p) = -42*p - 17. Is c(l) prime?
True
Let i(v) = -5*v + 5. Let j be i(7). Let s be (20/j)/((-2)/9). Suppose -48 = -s*z + 30. Is z a prime number?
False
Suppose 2*w - 1042 = -30. Suppose 4*d - w = 4154. Is d prime?
False
Let n(u) = -u**3 + 10*u**2 + 2*u - 18. Let d be n(10). Suppose 0 = -3*f - 3*v + 4095, d*v - 6*v - 6861 = -5*f. Is f a prime number?
